
Is 11078314045 prime?
False
Is 1683082343 prime?
False
Is 14898773095 composite?
True
Is 976048063 a prime number?
True
Is 3237451051 prime?
True
Is 1589761841 composite?
False
Is 3581892295 composite?
True
Is 19273380067 a prime number?
True
Is 4548264187 a composite number?
True
Is 1713136654 a prime number?
False
Is 5258795527 a prime number?
False
Is 653356997 a prime number?
True
Is 1760698027 composite?
True
Is 16153097407 a composite number?
True
Is 51654751 a prime number?
True
Is 132910363 a composite number?
True
Is 25890948833 a composite number?
True
Is 8420688719 composite?
False
Is 9101842 a composite number?
True
Is 24556522543 a composite number?
True
Is 4649527895 prime?
False
Is 102511046767 a composite number?
False
Is 34718681373 a composite number?
True
Is 824170537 a prime number?
True
Is 514372657 a composite number?
True
Is 10723015669 a composite number?
True
Is 866444029 a composite number?
True
Is 2113321741 composite?
False
Is 23169889643 a composite number?
True
Is 645845099 a prime number?
True
Is 1112233 prime?
False
Is 1495523581 prime?
True
Is 441442783 a prime number?
True
Is 2983026509 a prime number?
False
Is 36256314049 a composite number?
True
Is 6963417151 prime?
True
Is 8750537351 a composite number?
True
Is 23157809 prime?
True
Is 1188566383 prime?
True
Is 9393791707 composite?
False
Is 16133300257 prime?
False
Is 14949173821 a prime number?
False
Is 12972566557 prime?
False
Is 513866697 a prime number?
False
Is 11229399655 prime?
False
Is 12558311179 a composite number?
True
Is 1598010061 prime?
True
Is 316960901 prime?
True
Is 21344417 a composite number?
False
Is 5760953969 a composite number?
False
Is 8797702261 composite?
True
Is 58855812437 composite?
True
Is 65301059377 prime?
False
Is 77815561 prime?
True
Is 229829027 a prime number?
False
Is 13607742059 composite?
False
Is 131918720617 composite?
True
Is 9777888683 prime?
True
Is 240582557 prime?
True
Is 179787420347 prime?
True
Is 242492148453 prime?
False
Is 7785166789 prime?
False
Is 5232535327 a prime number?
False
Is 225933007 a composite number?
True
Is 825714503 a composite number?
True
Is 203715509993 a prime number?
False
Is 9095627126 a composite number?
True
Is 59714038271 a prime number?
False
Is 2462978039 prime?
True
Is 909100271 a prime number?
True
Is 7927644035 composite?
True
Is 17788178789 a prime number?
False
Is 6160616387 a prime number?
True
Is 1465297871 a prime number?
True
Is 2019756133 composite?
False
Is 35278539041 prime?
False
Is 2528734021 a prime number?
False
Is 2870588683 a composite number?
True
Is 95488489 composite?
False
Is 87543707 a composite number?
False
Is 541657198 composite?
True
Is 40749208457 a composite number?
False
Is 840941389 a composite number?
False
Is 1451231071 composite?
True
Is 1413053867 prime?
False
Is 162152039 prime?
False
Is 147042617 composite?
True
Is 669115739 prime?
True
Is 1071459859 a composite number?
False
Is 3816913013 prime?
False
Is 23860153211 composite?
False
Is 16254087463 composite?
False
Is 1720182161 prime?
False
Is 10570586591 a prime number?
False
Is 8561005433 prime?
False
Is 34888050355 a prime number?
False
Is 71216877679 prime?
False
Is 1485431089 prime?
False
Is 160719897083 prime?
False
Is 1725929033 a composite number?
False
Is 1479848791 a composite number?
True
Is 15652937 composite?
True
Is 91029735633 prime?
False
Is 2022536941 a composite number?
True
Is 2099631977 a prime number?
True
Is 727511663 composite?
False
Is 380828197 prime?
True
Is 1687804439 composite?
False
Is 2252593157 a composite number?
False
Is 560615977 a prime number?
False
Is 153371906 a composite number?
True
Is 1890610049 prime?
False
Is 1575850223 composite?
False
Is 336840349 prime?
True
Is 88381205697 a prime number?
False
Is 9320357141 a prime number?
True
Is 244369259 a composite number?
True
Is 3828659053 a prime number?
True
Is 15573408241 prime?
False
Is 41390179898 a prime number?
False
Is 822999239 a prime number?
True
Is 7546723313 prime?
False
Is 5474347383 a composite number?
True
Is 8603868407 a prime number?
True
Is 56591095061 a prime number?
True
Is 2709418703 composite?
True
Is 315203621 composite?
True
Is 1117267603 prime?
False
Is 84939554197 composite?
False
Is 66784464631 composite?
False
Is 93489887 a composite number?
False
Is 17777260723 a prime number?
False
Is 179238583 a prime number?
False
Is 502955223 composite?
True
Is 1967218763 a composite number?
False
Is 1424989279 a prime number?
False
Is 1780810483 a composite number?
False
Is 819310379 prime?
True
Is 83520313 a prime number?
True
Is 1537539083 composite?
False
Is 23941124309 prime?
True
Is 35756666963 composite?
True
Is 108214451 a composite number?
False
Is 381857923 prime?
True
Is 262456763 a prime number?
False
Is 30337949 prime?
False
Is 13171060763 a prime number?
False
Is 116498581 a composite number?
False
Is 48296359747 a prime number?
True
Is 3449874433 composite?
False
Is 991762153 a prime number?
True
Is 60889859861 a composite number?
False
Is 100258112849 prime?
False
Is 13288462067 prime?
False
Is 58790808809 a composite number?
False
Is 8542222649 composite?
False
Is 2965504909 a composite number?
True
Is 2009187911 prime?
True
Is 1802709187 composite?
True
Is 3124619021 a composite number?
True
Is 261418819 prime?
True
Is 2255464945 composite?
True
Is 839106509 prime?
True
Is 170089433053 prime?
True
Is 8289050137 composite?
False
Is 158893421 prime?
True
Is 2111989585 composite?
True
Is 3997196219 a prime number?
False
Is 51625799 a prime number?
False
Is 891190451 prime?
False
Is 880107841 a composite number?
True
Is 5132828161 a composite number?
True
Is 98123038723 prime?
True
Is 48867665569 prime?
False
Is 3643552643 a prime number?
False
Is 5542495349 a composite number?
False
Is 12759823201 a prime number?
True
Is 69801331619 prime?
True
Is 7609938593 a prime number?
False
Is 2755850749 composite?
True
Is 65032015358 composite?
True
Is 23007444706 prime?
False
Is 898717811 composite?
False
Is 7760622929 a composite number?
True
Is 3356736693 a composite number?
True
Is 34658909099 prime?
True
Is 13416537019 a prime number?
True
Is 117585397 a prime number?
False
Is 2850654283 a prime number?
False
Is 39799180831 a prime number?
True
Is 98859848429 a composite number?
True
Is 15739563863 prime?
True
Is 79342880359 a composite number?
False
Is 1099142821 prime?
False
Is 8473328231 a prime number?
True
Is 33795321187 a composite number?
True
Is 12724533977 a composite number?
True
Is 119674832261 prime?
False
Is 2271251687 a prime number?
True
Is 2501965981 a prime number?
False
Is 23519283251 a composite number?
False
Is 247917904933 prime?
True
Is 8448533959 a prime number?
True
Is 45079619069 composite?
False
Is 6010765205 composite?
True
Is 33548953177 composite?
False
Is 51183189697 a composite number?
True
Is 2602080227 a prime number?
True
Is 15701250823 a composite number?
False
Is 52614977158 a prime number?
False
Is 1340673109 prime?
True
Is 795175763 composite?
True
Is 76878680651 a composite number?
False
Is 16604395727 prime?
False
Is 253775411 prime?
True
Is 32419381931 a prime number?
False
Is 1484119723 a composite number?
False
Is 115538182043 composite?
False
Is 3541313777 a composite number?
False
Is 249420118091 a prime number?
False
Is 1516521973 composite?
False
Is 529400623 a composite number?
True
Is 4419033379 prime?
True
Is 1127043607 prime?
False
Is 14282080385 a composite number?
True
Is 106464149437 a prime number?
True
Is 166967148499 composite?
False
Is 7202380301 a prime number?
True
Is 79358051 prime?
True
Is 5850954517 prime?
True
Is 207450437 prime?
True
Is 1260420221 composite?
False
Is 19153353061 a composite number?
False
Is 9056775571 prime?
False
Is 52840145977 a composite number?
True
Is 6011444177 composite?
False
Is 765659533 composite?
False
Is 32831331763 a prime number?
True
Is 691141991 a prime number?
True
Is 6913615903 a prime number?
True
Is 1112543 composite?
False
Is 2031758929 composite?
False
Is 449350393 a prime number?
True
Is 11748236131 prime?
False
Is 41033171 a composite number?
False
Is 240198011 a composite number?
False
Is 276863303 a prime number?
True
Is 14995669589 a prime number?
False
Is 55302397993 